{"id":90,"date":"2024-08-01T18:26:02","date_gmt":"2024-08-01T16:26:02","guid":{"rendered":"https:\/\/toutdroit.voyage\/?page_id=90"},"modified":"2024-08-31T09:27:46","modified_gmt":"2024-08-31T07:27:46","slug":"pourquoi-le-wwoofing","status":"publish","type":"page","link":"https:\/\/toutdroit.voyage\/index.php\/pourquoi-le-wwoofing\/","title":{"rendered":"Du Wwoofing ???"},"content":{"rendered":"\n\n\n<h2 class=\"wp-block-heading\">Les origines du projet<\/h2>\n<p style=\"text-align: justify;\"><span style=\"font-size: 10pt;\">Notre tour de l\u2019Atlantique en voilier sur l\u2019ann\u00e9e scolaire 2016-2017 a \u00e9t\u00e9 un grand moment de vie familial et il<\/span><span style=\"font-size: 10pt;\"> semble \u00e9vident aujourd&rsquo;hui que l\u2019id\u00e9e de repartir avec nos enfants s&rsquo;est ancr\u00e9e quelque part au fond de nous d\u00e8s notre retour de ce premier voyage. Le souhait de vouloir revivre des moments extra-ordinaires avec eux, de les voir grandir et s\u2019\u00e9panouir \u00e0 travers de exp\u00e9riences nouvelles, des rencontres et bien s\u00fbr faire un pas de c\u00f4t\u00e9.<\/span><\/p>\n<p style=\"text-align: justify;\"><span style=\"font-size: 10pt;\">L\u2019ann\u00e9e en voilier a \u00e9t\u00e9 dingue par le d\u00e9fi, l\u2019aventure, le risque, le saut dans l&rsquo;inconnu mais nous avons finalement fait assez peu connaissance avec les locaux. Pas d\u2019immersion dans les pays. Nous \u00e9tions la plupart du temps des touristes en vacances sur l\u2019eau, papotant de-ci, de-l\u00e0 avec les autres voileux du coin. De plus, nos destinations \u00e9taient en majorit\u00e9 des pays francophones aux modes de vie proches des n\u00f4tres. Voil\u00e0 donc ce qui nous fait envie aujourd\u2019hui : aller \u00e0 la rencontre des gens, des cultures, des traditions, des langues, des paysages, dans un ailleurs diff\u00e9rent d&rsquo;ici\u2026 C\u2019est ainsi que nous nous sommes int\u00e9ress\u00e9s au Wwoofing.<\/span><\/p>\n<h2 class=\"wp-block-heading\">Alors c\u2019est quoi le Wwoofing?<\/h2>\n<div class=\"wp-block-group is-nowrap is-layout-flex wp-container-core-group-is-layout-1 wp-block-group-is-layout-flex\">\n<figure class=\"wp-block-image alignleft size-full\" style=\"text-align: justify;\"><span style=\"font-size: 10pt;\"><img loading=\"lazy\" decoding=\"async\" class=\"wp-image-128 alignleft\" src=\"https:\/\/toutdroit.voyage\/wp-content\/uploads\/2024\/08\/logo-WWOOF-e1723714370356.png\" sizes=\"auto, (max-width: 257px) 100vw, 257px\" srcset=\"https:\/\/toutdroit.voyage\/wp-content\/uploads\/2024\/08\/logo-WWOOF-e1723714370356.png 406w, https:\/\/toutdroit.voyage\/wp-content\/uploads\/2024\/08\/logo-WWOOF-e1723714370356-296x300.png 296w\" alt=\"\" width=\"147\" height=\"149\" \/><\/span><span style=\"font-size: 10pt;\"><span style=\"font-size: 10pt;\">WWOOF signifie \u00ab Wild World Opportunities on Organic Farms \u00bb. C&rsquo;<\/span><\/span><span style=\"font-size: 10pt; color: initial;\">est un programme culturel et \u00e9ducatif ax\u00e9 sur l&rsquo;agriculture paysanne durable. Les b\u00e9n\u00e9voles, ou \u00ab WWOOFeurs \u00bb, partagent la vie quotidienne de leur h\u00f4te et s&rsquo;initient \u00e0 l&rsquo;agriculture paysanne et aux pratiques durables en passant environ la moiti\u00e9 de chaque journ\u00e9e \u00e0 aider \u00e0 la ferme. Les h\u00f4tes offrent le logement et les repas aux b\u00e9n\u00e9voles, sans qu&rsquo;il y ait d&rsquo;\u00e9change d&rsquo;argent entre les h\u00f4tes et les WWOOFeurs. <\/span><span style=\"font-size: 10pt; color: initial;\">WWOOF rassemble des personnes venant de tous horizons qui partagent les m\u00eames valeurs de respect du vivant et d&rsquo;ouverture vers le monde.<\/span><span style=\"font-size: 10pt; color: initial;\"><br \/><\/span><span style=\"font-size: 13.3333px;\">Cette fa\u00e7on de d\u00e9couvrir le monde nous a s\u00e9duits. Aller \u00e0 la rencontre de nos h\u00f4tes, partager leur quotidien, leur langue, leurs repas, leurs coutumes, leurs histoires, aider \u00e0 am\u00e9liorer leurs installations agricoles ou \u00e0 d\u00e9velopper leurs initiatives \u00e9ducatives, se confronter aussi parfois aux difficult\u00e9s du pays, voir autrement, voir plus large.\u00a0<\/span><\/figure>\n<p><span style=\"font-size: 10pt;\">Nous sommes conscients de la chance que nous avons de pouvoir vivre cette aventure avant tout humaine et nos esp\u00e9rons \u00eatre \u00e0 la hauteur.\u00a0<\/span><\/p>\n<\/div>\n<p class=\"linked-text link-offset-2\"><span style=\"font-size: 10pt;\">Si vous voulez en savoir plus : <strong>https:\/\/wwoof.net<\/strong><\/span><\/p>\n","protected":false},"excerpt":{"rendered":"<p>Les origines du projet Notre tour de l\u2019Atlantique en voilier sur l\u2019ann\u00e9e scolaire 2016-2017 a \u00e9t\u00e9 un grand moment de vie familial et il semble \u00e9vident aujourd&rsquo;hui que l\u2019id\u00e9e de repartir avec nos enfants s&rsquo;est ancr\u00e9e quelque part au fond&hellip; <\/p>\n","protected":false},"author":2,"featured_media":0,"parent":0,"menu_order":0,"comment_status":"open","ping_status":"closed","template":"","meta":{"footnotes":""},"class_list":["post-90","page","type-page","status-publish","hentry"],"_links":{"self":[{"href":"https:\/\/toutdroit.voyage\/index.php\/wp-json\/wp\/v2\/pages\/90","targetHints":{"allow":["GET"]}}],"collection":[{"href":"https:\/\/toutdroit.voyage\/index.php\/wp-json\/wp\/v2\/pages"}],"about":[{"href":"https:\/\/toutdroit.voyage\/index.php\/wp-json\/wp\/v2\/types\/page"}],"author":[{"embeddable":true,"href":"https:\/\/toutdroit.voyage\/index.php\/wp-json\/wp\/v2\/users\/2"}],"replies":[{"embeddable":true,"href":"https:\/\/toutdroit.voyage\/index.php\/wp-json\/wp\/v2\/comments?post=90"}],"version-history":[{"count":14,"href":"https:\/\/toutdroit.voyage\/index.php\/wp-json\/wp\/v2\/pages\/90\/revisions"}],"predecessor-version":[{"id":317,"href":"https:\/\/toutdroit.voyage\/index.php\/wp-json\/wp\/v2\/pages\/90\/revisions\/317"}],"wp:attachment":[{"href":"https:\/\/toutdroit.voyage\/index.php\/wp-json\/wp\/v2\/media?parent=90"}],"curies":[{"name":"wp","href":"https:\/\/api.w.org\/{rel}","templated":true}]}}

<h2 class="wp-block-heading">Les origines du projet</h2>
<p style="text-align: justify;"><span style="font-size: 10pt;">Notre tour de l’Atlantique en voilier sur l’année scolaire 2016-2017 a été un grand moment de vie familial et il</span><span style="font-size: 10pt;"> semble évident aujourd&rsquo;hui que l’idée de repartir avec nos enfants s&rsquo;est ancrée quelque part au fond de nous dès notre retour de ce premier voyage. Le souhait de vouloir revivre des moments extra-ordinaires avec eux, de les voir grandir et s’épanouir à travers de expériences nouvelles, des rencontres et bien sûr faire un pas de côté.</span></p>
<p style="text-align: justify;"><span style="font-size: 10pt;">L’année en voilier a été dingue par le défi, l’aventure, le risque, le saut dans l&rsquo;inconnu mais nous avons finalement fait assez peu connaissance avec les locaux. Pas d’immersion dans les pays. Nous étions la plupart du temps des touristes en vacances sur l’eau, papotant de-ci, de-là avec les autres voileux du coin. De plus, nos destinations étaient en majorité des pays francophones aux modes de vie proches des nôtres. Voilà donc ce qui nous fait envie aujourd’hui : aller à la rencontre des gens, des cultures, des traditions, des langues, des paysages, dans un ailleurs différent d&rsquo;ici… C’est ainsi que nous nous sommes intéressés au Wwoofing.</span></p>
<h2 class="wp-block-heading">Alors c’est quoi le Wwoofing?</h2>
<div class="wp-block-group is-nowrap is-layout-flex wp-container-core-group-is-layout-1 wp-block-group-is-layout-flex">
<figure class="wp-block-image alignleft size-full" style="text-align: justify;"><span style="font-size: 10pt;"><img loading="lazy" decoding="async" class="wp-image-128 alignleft" src="https://toutdroit.voyage/wp-content/uploads/2024/08/logo-WWOOF-e1723714370356.png" sizes="auto, (max-width: 257px) 100vw, 257px" srcset="https://toutdroit.voyage/wp-content/uploads/2024/08/logo-WWOOF-e1723714370356.png 406w, https://toutdroit.voyage/wp-content/uploads/2024/08/logo-WWOOF-e1723714370356-296x300.png 296w" alt="" width="147" height="149" /></span><span style="font-size: 10pt;"><span style="font-size: 10pt;">WWOOF signifie « Wild World Opportunities on Organic Farms ». C&rsquo;</span></span><span style="font-size: 10pt; color: initial;">est un programme culturel et éducatif axé sur l&rsquo;agriculture paysanne durable. Les bénévoles, ou « WWOOFeurs », partagent la vie quotidienne de leur hôte et s&rsquo;initient à l&rsquo;agriculture paysanne et aux pratiques durables en passant environ la moitié de chaque journée à aider à la ferme. Les hôtes offrent le logement et les repas aux bénévoles, sans qu&rsquo;il y ait d&rsquo;échange d&rsquo;argent entre les hôtes et les WWOOFeurs. </span><span style="font-size: 10pt; color: initial;">WWOOF rassemble des personnes venant de tous horizons qui partagent les mêmes valeurs de respect du vivant et d&rsquo;ouverture vers le monde.</span><span style="font-size: 10pt; color: initial;"><br /></span><span style="font-size: 13.3333px;">Cette façon de découvrir le monde nous a séduits. Aller à la rencontre de nos hôtes, partager leur quotidien, leur langue, leurs repas, leurs coutumes, leurs histoires, aider à améliorer leurs installations agricoles ou à développer leurs initiatives éducatives, se confronter aussi parfois aux difficultés du pays, voir autrement, voir plus large. </span></figure>
<p><span style="font-size: 10pt;">Nous sommes conscients de la chance que nous avons de pouvoir vivre cette aventure avant tout humaine et nos espérons être à la hauteur. </span></p>
</div>
<p class="linked-text link-offset-2"><span style="font-size: 10pt;">Si vous voulez en savoir plus : <strong>https://wwoof.net</strong></span></p>

<p>Les origines du projet Notre tour de l’Atlantique en voilier sur l’année scolaire 2016-2017 a été un grand moment de vie familial et il semble évident aujourd&rsquo;hui que l’idée de repartir avec nos enfants s&rsquo;est ancrée quelque part au fond&hellip; </p>
