{"id":122,"date":"2024-08-15T11:09:36","date_gmt":"2024-08-15T09:09:36","guid":{"rendered":"https:\/\/toutdroit.voyage\/?page_id=122"},"modified":"2024-08-30T21:58:31","modified_gmt":"2024-08-30T19:58:31","slug":"nous-contacter","status":"publish","type":"page","link":"https:\/\/toutdroit.voyage\/index.php\/nous-contacter\/","title":{"rendered":"Nous contacter"},"content":{"rendered":"\n\n\n<p><span style=\"font-size: 10pt;\">Cette ann\u00e9e, nous allons \u00eatre difficilement joignables directement par t\u00e9l\u00e9phone. Merci donc de ne pas laisser de message sur les r\u00e9pondeurs car il nous sera \u00e9galement compliqu\u00e9 de les consulter durant l&rsquo;ann\u00e9e.\u00a0<\/span><\/p>\n<p><span style=\"font-size: 10pt;\">Pour nous contacter, vous avez plusieurs possibilit\u00e9s : <\/span><\/p>\n<p><span style=\"font-size: 10pt;\">Par mail : <\/span><\/p>\n<ul>\n<li><span style=\"font-size: 10pt;\">charlottegoasguen@yahoo.fr<\/span><\/li>\n<li><span style=\"font-size: 10pt;\">simongoasguen@gmail.com<\/span><\/li>\n<li><span style=\"font-size: 10pt;\">ninogoasguen@gmail.com<\/span><\/li>\n<li><span style=\"font-size: 10pt;\">adamgoasguen@gmail.com<\/span><\/li>\n<li><span style=\"font-size: 10pt;\">samuelgoasguen@gmail.com<\/span><\/li>\n<\/ul>\n<p><span style=\"font-size: 10pt;\">Par whatsapp :\u00a0<\/span><\/p>\n<ul>\n<li><span style=\"font-size: 10pt;\">Charlotte : 06 80 23 75 17<\/span><\/li>\n<li><span style=\"font-size: 10pt;\">Simon : 06 79 59 88 92<\/span><\/li>\n<\/ul>\n<p><span style=\"font-size: 10pt;\">Par le biais du blog : onglet \u00ab\u00a0commentaires\u00a0\u00bb.\u00a0<\/span><\/p>\n<p><span style=\"font-size: 10pt;\">En attendant de vous retrouver en vrai, portez-vous bien !<\/span><\/p>\n<p><span style=\"font-size: 10pt;\">Bizzzzzzzz<\/span><\/p>\n<p>\u00a0<\/p>\n<p>\u00a0<\/p>\n\n\n\n\n","protected":false},"excerpt":{"rendered":"<p>Cette ann\u00e9e, nous allons \u00eatre difficilement joignables directement par t\u00e9l\u00e9phone. Merci donc de ne pas laisser de message sur les r\u00e9pondeurs car il nous sera \u00e9galement compliqu\u00e9 de les consulter durant l&rsquo;ann\u00e9e.\u00a0 Pour nous contacter, vous avez plusieurs possibilit\u00e9s :&hellip; <\/p>\n","protected":false},"author":2,"featured_media":0,"parent":0,"menu_order":0,"comment_status":"closed","ping_status":"closed","template":"","meta":{"footnotes":""},"class_list":["post-122","page","type-page","status-publish","hentry"],"_links":{"self":[{"href":"https:\/\/toutdroit.voyage\/index.php\/wp-json\/wp\/v2\/pages\/122","targetHints":{"allow":["GET"]}}],"collection":[{"href":"https:\/\/toutdroit.voyage\/index.php\/wp-json\/wp\/v2\/pages"}],"about":[{"href":"https:\/\/toutdroit.voyage\/index.php\/wp-json\/wp\/v2\/types\/page"}],"author":[{"embeddable":true,"href":"https:\/\/toutdroit.voyage\/index.php\/wp-json\/wp\/v2\/users\/2"}],"replies":[{"embeddable":true,"href":"https:\/\/toutdroit.voyage\/index.php\/wp-json\/wp\/v2\/comments?post=122"}],"version-history":[{"count":1,"href":"https:\/\/toutdroit.voyage\/index.php\/wp-json\/wp\/v2\/pages\/122\/revisions"}],"predecessor-version":[{"id":123,"href":"https:\/\/toutdroit.voyage\/index.php\/wp-json\/wp\/v2\/pages\/122\/revisions\/123"}],"wp:attachment":[{"href":"https:\/\/toutdroit.voyage\/index.php\/wp-json\/wp\/v2\/media?parent=122"}],"curies":[{"name":"wp","href":"https:\/\/api.w.org\/{rel}","templated":true}]}}